{"id":4034,"date":"2015-08-16T11:43:08","date_gmt":"2015-08-16T11:43:08","guid":{"rendered":"http:\/\/2016.ride2freedom.org\/?page_id=4034"},"modified":"2015-11-21T01:20:36","modified_gmt":"2015-11-21T01:20:36","slug":"selfie-campagne","status":"publish","type":"page","link":"http:\/\/www.ride2freedom.org\/fr\/selfie-campagne\/","title":{"rendered":"Selfie"},"content":{"rendered":"<h2><span style=\"font-family: 'Times New Roman', serif;\"><span style=\"font-size: medium;\"><span lang=\"fr-FR\"><b>Prenez un Selfie et postez-le avec #Ride2Freedom!<\/b><\/span><\/span><\/span><\/h2>\n<p><span style=\"font-family: 'Times New Roman', serif;\"><span style=\"font-size: medium;\"><span lang=\"fr-FR\">Vous voulez soutenir les efforts des cyclistes de l\u2019Odyss\u00e9e pour la libert\u00e9\u00a0? Sortez votre portable et prenez un selfie. Postez-le <\/span><\/span><\/span><span style=\"font-family: 'Times New Roman', serif;\"><span style=\"font-size: medium;\"><span lang=\"fr-FR\"><b>avec #Ride2Freedom<\/b><\/span><\/span><\/span><span style=\"font-family: 'Times New Roman', serif;\"><span style=\"font-size: medium;\"><span lang=\"fr-FR\"> sur Twitter, Instagram, Facebook &#8211; o\u00f9 vous voulez! Ce sera un message clair de votre soutien et nous rapprochera un peu plus de notre objectif de sauver les cinq orphelins en ayant 300 millions de sympathisants.<\/span><\/span><\/span><\/p>\n<p><span style=\"font-family: 'Times New Roman', serif;\"><span style=\"font-size: medium;\"><span lang=\"fr-FR\">L\u2019Odyss\u00e9e pour la libert\u00e9 a besoin de millions de selfies du monde entier pour que le r\u00e9gime chinois se rende compte du soutien international de notre but &#8211; &#8211; mettant fin \u00e0 la pers\u00e9cution insens\u00e9e et brutale des enfants et du Falun Gong. <\/span><\/span><\/span><\/p>\n<p><span style=\"font-family: 'Times New Roman', serif;\"><span style=\"font-size: medium;\"><span lang=\"fr-FR\">Il y aura d\u2019autres fa\u00e7ons de nous aider.<\/span><\/span><\/span><\/p>\n<p><span style=\"font-family: 'Times New Roman', serif;\"><span style=\"font-size: medium;\"><span lang=\"fr-FR\">Visitez de nouveau ce site. Il sera mis \u00e0 jour r\u00e9guli\u00e8rement pour vous tenir au courant de nos nouvelles actions. <\/span><\/span><\/span><\/p>\n","protected":false},"excerpt":{"rendered":"<p>Prenez un Selfie et postez-le avec #Ride2Freedom! Vous voulez soutenir les efforts des cyclistes de l\u2019Odyss\u00e9e pour la libert\u00e9\u00a0? Sortez votre portable et prenez un selfie. Postez-le avec #Ride2Freedom sur Twitter, Instagram, Facebook &#8211; o\u00f9 vous voulez! Ce sera un message clair de votre soutien et nous rapprochera un peu plus de notre objectif de [&hellip;]<\/p>\n","protected":false},"author":1,"featured_media":0,"parent":0,"menu_order":0,"comment_status":"closed","ping_status":"closed","template":"","meta":{"ngg_post_thumbnail":0},"amp_validity":null,"amp_enabled":true,"_links":{"self":[{"href":"http:\/\/www.ride2freedom.org\/fr\/wp-json\/wp\/v2\/pages\/4034"}],"collection":[{"href":"http:\/\/www.ride2freedom.org\/fr\/wp-json\/wp\/v2\/pages"}],"about":[{"href":"http:\/\/www.ride2freedom.org\/fr\/wp-json\/wp\/v2\/types\/page"}],"author":[{"embeddable":true,"href":"http:\/\/www.ride2freedom.org\/fr\/wp-json\/wp\/v2\/users\/1"}],"replies":[{"embeddable":true,"href":"http:\/\/www.ride2freedom.org\/fr\/wp-json\/wp\/v2\/comments?post=4034"}],"version-history":[{"count":3,"href":"http:\/\/www.ride2freedom.org\/fr\/wp-json\/wp\/v2\/pages\/4034\/revisions"}],"predecessor-version":[{"id":4399,"href":"http:\/\/www.ride2freedom.org\/fr\/wp-json\/wp\/v2\/pages\/4034\/revisions\/4399"}],"wp:attachment":[{"href":"http:\/\/www.ride2freedom.org\/fr\/wp-json\/wp\/v2\/media?parent=4034"}],"curies":[{"name":"wp","href":"https:\/\/api.w.org\/{rel}","templated":true}]}}

<h2><span style="font-family: 'Times New Roman', serif;"><span style="font-size: medium;"><span lang="fr-FR"><b>Prenez un Selfie et postez-le avec #Ride2Freedom!</b></span></span></span></h2>
<p><span style="font-family: 'Times New Roman', serif;"><span style="font-size: medium;"><span lang="fr-FR">Vous voulez soutenir les efforts des cyclistes de l’Odyssée pour la liberté ? Sortez votre portable et prenez un selfie. Postez-le </span></span></span><span style="font-family: 'Times New Roman', serif;"><span style="font-size: medium;"><span lang="fr-FR"><b>avec #Ride2Freedom</b></span></span></span><span style="font-family: 'Times New Roman', serif;"><span style="font-size: medium;"><span lang="fr-FR"> sur Twitter, Instagram, Facebook &#8211; où vous voulez! Ce sera un message clair de votre soutien et nous rapprochera un peu plus de notre objectif de sauver les cinq orphelins en ayant 300 millions de sympathisants.</span></span></span></p>
<p><span style="font-family: 'Times New Roman', serif;"><span style="font-size: medium;"><span lang="fr-FR">L’Odyssée pour la liberté a besoin de millions de selfies du monde entier pour que le régime chinois se rende compte du soutien international de notre but &#8211; &#8211; mettant fin à la persécution insensée et brutale des enfants et du Falun Gong. </span></span></span></p>
<p><span style="font-family: 'Times New Roman', serif;"><span style="font-size: medium;"><span lang="fr-FR">Il y aura d’autres façons de nous aider.</span></span></span></p>
<p><span style="font-family: 'Times New Roman', serif;"><span style="font-size: medium;"><span lang="fr-FR">Visitez de nouveau ce site. Il sera mis à jour régulièrement pour vous tenir au courant de nos nouvelles actions. </span></span></span></p>

<p>Prenez un Selfie et postez-le avec #Ride2Freedom! Vous voulez soutenir les efforts des cyclistes de l’Odyssée pour la liberté ? Sortez votre portable et prenez un selfie. Postez-le avec #Ride2Freedom sur Twitter, Instagram, Facebook &#8211; où vous voulez! Ce sera un message clair de votre soutien et nous rapprochera un peu plus de notre objectif de [&hellip;]</p>
